digit of 2565?
6
What is the units digit of 9435?
5
What is the thousands digit of 5799?
5
What is the hundreds digit of 2734?
7
What is the hundreds digit of 3348?
3
What is the tens digit of 357?
5
What is the tens digit of 54460?
6
What is the hundreds digit of 4804?
8
What is the units digit of 2124?
4
What is the hundreds digit of 55884?
8
What is the hundreds digit of 4713?
7
What is the hundreds digit of 35954?
9
What is the units digit of 10840?
0
What is the thousands digit of 8813?
8
What is the units digit of 6600?
0
What is the tens digit of 105078?
7
What is the hundreds digit of 285?
2
What is the tens digit of 1008?
0
What is the hundreds digit of 15893?
8
What is the tens digit of 3140?
4
What is the thousands digit of 8212?
8
What is the units digit of 7449?
9
What is the units digit of 20916?
6
What is the units digit of 808?
8
What is the units digit of 2139?
9
What is the tens digit of 1774?
7
What is the tens digit of 1137?
3
What is the hundreds digit of 33581?
5
What is the tens digit of 59?
5
What is the units digit of 2736?
6
What is the tens digit of 86?
8
What is the ten thousands digit of 27727?
2
What is the tens digit of 698?
9
What is the tens digit of 4436?
3
What is the units digit of 5581?
1
What is the thousands digit of 19944?
9
What is the tens digit of 200?
0
What is the tens digit of 1023?
2
What is the hundreds digit of 130?
1
What is the hundreds digit of 15606?
6
What is the thousands digit of 26526?
6
What is the units digit of 5585?
5
What is the ten thousands digit of 84634?
8
What is the units digit of 8472?
2
What is the thousands digit of 1274?
1
What is the units digit of 68909?
9
What is the hundreds digit of 11713?
7
What is the units digit of 11378?
8
What is the thousands digit of 18054?
8
What is the tens digit of 55846?
4
What is the tens digit of 25316?
1
What is the ten thousands digit of 94181?
9
What is the hundreds digit of 144855?
8
What is the thousands digit of 142361?
2
What is the units digit of 24?
4
What is the units digit of 90589?
9
What is the hundreds digit of 2717?
7
What is the hundreds digit of 114245?
2
What is the thousands digit of 5910?
5
What is the thousands digit of 7762?
7
What is the hundreds digit of 1266?
2
What is the hundreds digit of 61496?
4
What is the units digit of 26537?
7
What is the units digit of 3403?
3
What is the tens digit of 23066?
6
What is the hundreds digit of 15673?
6
What is the hundreds digit of 208?
2
What is the units digit of 652?
2
What is the hundreds digit of 2973?
9
What is the tens digit of 7403?
0
What is the tens digit of 2187?
8
What is the tens digit of 802?
0
What is the hundreds digit of 631?
6
What is the thousands digit of 81448?
1
What is the hundreds digit of 1217?
2
What is the hundreds digit of 66728?
7
What is the hundreds digit of 849?
8
What is the tens digit of 105124?
2
What is the thousands digit of 58209?
8
What is the tens digit of 25334?
3
What is the tens digit of 165?
6
What is the tens digit of 13750?
5
What is the thousands digit of 7697?
7
What is the tens digit of 2197?
9
What is the units digit of 2930?
0
What is the ten thousands digit of 15796?
1
What is the tens digit of 14662?
6
What is the ten thousands digit of 25977?
2
What is the tens digit of 6403?
0
What is the units digit of 7169?
9
What is the units digit of 5124?
4
What is the tens digit of 27613?
1
What is the tens digit of 1608?
0
What is the units digit of 2963?
3
What is the hundreds digit of 1091?
0
What is the hundreds digit of 2629?
6
What is the units digit of 9504?
4
What is the thousands digit of 32252?
2
What is the tens digit of 1524?
2
What is the thousands digit of 8603?
8
What is the hundreds digit of 938?
9
What is the units digit of 1174?
4
What is the hundreds digit of 24290?
2
What is the hundreds digit of 73400?
4
What is the hundreds digit of 413?
4
What is the thousands digit of 4786?
4
What is the hundreds digit of 435?
4
What is the hundreds digit of 1090?
0
What is the thousands digit of 1308?
1
What is the units digit of 1016?
6
What is the hundred thousands digit of 113409?
1
What is the units digit of 187102?
2
What is the thousands digit of 46294?
6
What is the thousands digit of 3405?
3
What is the ten thousands digit of 117400?
1
What is the tens digit of 138129?
2
What is the units digit of 6230?
0
What is the hundreds digit of 267?
2
What is the hundreds digit of 1364?
3
What is the thousands digit of 4853?
4
What is the hundreds digit of 1093?
0
What is the thousands digit of 1625?
1
What is the hundreds digit of 3963?
9
What is the units digit of 51?
1
What is the units digit of 2020?
0
What is the units digit of 1532?
2
What is the tens digit of 165?
6
What is the hundreds digit of 1541?
5
What is the hundreds digit of 1626?
6
What is the tens digit of 20874?
7
What is the units digit of 2591?
1
What is the thousands digit of 3280?
3
What is the units digit of 10675?
5
What is the units digit of 2063?
3
What is the units digit of 85?
5
What is the hundreds digit of 18984?
9
What is the hundreds digit of 118707?
7
What is the tens digit of 3150?
5
What is the hundreds digit of 7249?
2
What is the tens digit of 35580?
8
What is the hundreds digit of 2693?
6
What is the units digit of 51540?
0
What is the units digit of 791?
1
What is the tens digit of 584?
8
What is the units digit of 871?
1
What is the units digit of 2669?
9
What is the hundreds digit of 4360?
3
What is the tens digit of 5208?
0
What is the hundreds digit of 634?
6
What is the hundreds digit of 2578?
5
What is the hundreds digit of 4646?
6
What is the ten thousands digit of 41433?
4
What is the tens digit of 5671?
7
What is the tens digit of 297?
9
What is the units digit of 36338?
8
What is the hundreds digit of 6408?
4
What is the units digit of 142?
2
What is the units digit of 6109?
9
What is the thousands digit of 32021?
2
What is the hundreds digit of 15751?
7
What is the tens digit of 1063?
6
What is the hundreds digit of 545?
5
What is the units digit of 39419?
9
What is the tens digit of 60130?
3
What is the hundreds digit of 3834?
8
What is the ten thousands digit of 19718?
1
What is the hundreds digit of 125659?
6
What is the ten thousands digit of 26953?
2
What is the thousands digit of 3630?
3
What is the thousands digit of 1256?
1
What is the hundreds digit of 5459?
4
What is the thousands digit of 3746?
3
What is the hundreds digit of 23855?
8
What is the hundreds digit of 20069?
0
What is the hundreds digit of 29887?
8
What is the thousands digit of 3361?
3
What is the units digit of 10603?
3
What is the thousands digit of 89744?
9
What is the hundreds digit of 2266?
2
What is the tens digit of 13389?
8
What is the hundreds digit of 5314?
3
What is the hundreds digit of 9133?
1
What is the tens digit of 40238?
3
What is the units digit of 577?
7
What is the thousands digit of 26931?
6
What is the units digit of 32694?
4
What is the units digit of 1789?
9
What is the ten thousands digit of 41851?
4
What is the units digit of 3107?
7
What is the thousands digit of 2453?
2
What is the units digit of 18870?
0
What is the units digit of 78?
8
What is the ten thousands digit of 27359?
2
What is the hundreds digit of 399?
3
What is the units digit of 6084?
4
What is the tens digit of 833?
3
What is the units digit of 960?
0
What is the units digit of 2585?
5
What is the tens digit of 1329?
2
What is the tens digit of 6637?
3
What is the thousands digit of 1801?
1
What is the units digit of 42919?
9
What is the ten thousands digit of 55291?
5
What is the hundreds digit of 4641?
6
What is the hundreds digit of 234?
2
What is the units digit of 3?
3
What is the units digit of 1497?
7
What is the ten thousands digit of 14000?
1
What is the hundreds digit of 76168?
1
What is the hundreds digit of 22914?
9
What is the ten thousands digit of 14588?
1
What is the units digit of 10675?
5
What is the hundreds digit of 5219?
2
What is the ten thousands digit of 10667?
1
What is the tens digit of 1889?
8
What is the thousands digit of 5581?
5
What is the units digit of 5?
5
What is the hundred thousands digit of 120053?
1
What is the tens digit of 50?
5
What is the tens digit of 43?
4
What is the tens digit of 2273?
7
What is the thousan